4, 0 = -2*j - 2*j - 4*x - 16. Suppose j*f + 28 = 4*f. Suppose -f*v + 20 = -2*v. Calculate the greatest common divisor of 12 and v.
4
Let d = 44 + -42. What is the highest common divisor of d and 6?
2
Let a = -3 + 6. Suppose i + a = 2*q + 7, 0 = 5*i + 2*q - 56. Suppose -7*v + 2*v = -i. Calculate the highest common divisor of 8 and v.
2
Suppose 275 = 4*p - 9*p. Let r = -39 - p. Suppose 0*b - 2*u - 190 = -3*b, -5*b - 5*u + 325 = 0. Calculate the highest common divisor of r and b.
16
Let g be ((-1)/2)/((-3)/30). Suppose -3*o = h - 5, -4*h - o + 5*o + 100 = 0. What is the highest common factor of g and h?
5
Suppose -31 = -2*w + 3*z, -2*w - 5*z = -6*w + 67. Let n be w/2*6/(-3). Let h = 5 - n. Calculate the greatest common factor of 70 and h.
14
Let j(q) = 8*q. Let z be j(1). Calculate the greatest common factor of z and 2.
2
Let d be 54*((-1)/2 + 1). Let k be (6/15)/((-2)/(-90)). What is the highest common divisor of d and k?
9
Suppose -a + 4 = -2. Suppose 0 = 2*c - 24 - a. What is the highest common factor of c and 120?
15
Let h be (-1395)/(-81) + 4/(-18). Calculate the highest common divisor of h and 68.
17
Suppose 0 = 2*y - 24 - 32. Calculate the highest common factor of 224 and y.
28
Suppose y + 3*s - 91 = -3*y, 0 = -4*y + 2*s + 106. Calculate the greatest common divisor of 125 and y.
25
Suppose 5*l - 2*l = 0. Suppose n + 9 = -3*f, -2*n - n + 5*f + 1 = l. Let h be 17 - n/(-2 + -1). Calculate the greatest common factor of 112 and h.
16
Suppose 5*z + 5 = 2*f, 4*f + 2*z - 43 = z. What is the greatest common factor of 10 and f?
10
Let g = -17 - -19. Calculate the highest common factor of g and 10.
2
Let p be 3/2*(-16)/(-3). What is the greatest common factor of p and 6?
2
Suppose -2*l = -1 + 13. Let r be ((-8)/l)/1*3. What is the highest common factor of r and 2?
2
Let g(d) = -d**3 + 16*d**2 - 26*d - 17. Let k be g(13). Calculate the highest common factor of k and 19.
19
Suppose -14 = 4*t - 4*u - 66, -u = t - 21. What is the highest common factor of 17 and t?
17
Let i be 0/(-1) + 147 + (-3 - 1). What is the highest common divisor of 11 and i?
11
Suppose 0 = -2*d + 6*d - 16. Suppose -6*w = -d*w + 6, 2*r - 28 = -4*w. What is the greatest common factor of r and 80?
20
Suppose 2 + 10 = 12*x. Calculate the greatest common factor of 11 and x.
1
Suppose u + 6 = 4*u. Let n be 7 + u/1 + 0. What is the highest common factor of 3 and n?
3
Suppose 6*s = 14 + 76. Calculate the greatest common factor of s and 15.
15
Let v(s) = -s + 16. Let l be v(-5). Calculate the greatest common divisor of 63 and l.
21
Suppose 140 = -5*p - 0*p - 5*u, -140 = 5*p - 4*u. Let f be (16/(-3))/((-2)/(-6)). Let x = f - p. Calculate the greatest common factor of 12 and x.
12
Suppose 2*x + 2*n - 5 = 3*x, -50 = -5*x - 5*n. Suppose -x*z + 74 = -16. Let t be (-133)/(-5) + (-2)/(-5). What is the highest common divisor of t and z?
9
Suppose 0*d + 66 = 11*d. What is the greatest common factor of d and 33?
3
Suppose 0*r - 4 = -r. Suppose -m - m + y = -6, 4*y - 36 = -r*m. What is the highest common factor of m and 35?
5
Suppose d - 6 - 1 = 2*g, 0 = -2*d + 5*g + 10. Let p(a) = -a**3 + 6*a**2 + 8*a + 3. Let j be p(7). What is the greatest common divisor of j and d?
5
Suppose 52 = 215*i - 211*i. Let a(u) = 14*u - 4. Let d be a(4). Calculate the greatest common divisor of d and i.
13
Let g(h) = 10*h - 7. Let t be g(5). Suppose t = 4*d - 77. Calculate the greatest common divisor of 10 and d.
10
Let m be 1*(1 + -1) - -11. Suppose 0 = 5*k - 35 + 5. Suppose m*u - 720 = k*u. Calculate the greatest common factor of 16 and u.
16
Suppose -4*f + 68 = 4*h, 14*h = 10*h + 2*f + 98. What is the highest common divisor of 2 and h?
2
Let q(x) = x**2 + 2*x - 87. Let g be q(-11). Suppose 3*s = s + 2*r + 202, 2*s - r = 197. What is the highest common divisor of s and g?
12
Let y be (8/(-6))/(20/(-90)). Let k be y/12 - (-30)/4. What is the highest common factor of 12 and k?
4
Let l = 89 - 84. Calculate the highest common divisor of l and 1.
1
Let w = -3 + 23. Let v(m) = 27*m**2 + m - 1. Let n be v(-2). Let y = n + -55. Calculate the highest common divisor of y and w.
10
Let g be -16*(-1)/((-4)/(-21)). Suppose c - 3*c - 14 = 0. Let k(x) = x**3 + 8*x**2 + 6*x + 7. Let h be k(c). What is the highest common divisor of h and g?
14
Suppose -2*y + 5*d = -37, -3 = 2*d - 1. Calculate the highest common divisor of y and 112.
16
Suppose 0*g = -3*g - x + 1043, -4*x = 5*g - 1750. Let a = g + -181. Let q = 2 - -13. What is the greatest common factor of q and a?
15
Let h = -211 + 332. What is the highest common divisor of 11 and h?
11
Suppose 0 = -f + 7*f - 306. What is the greatest common factor of 34 and f?
17
Suppose -9 - 7 = 4*l, l = 3*t - 31. Suppose 5*d - p - 33 = 2*p, -4*d - 5*p = -19. What is the greatest common divisor of d and t?
3
Suppose -4*u - u = -1150. Suppose u + 114 = 5*w + v, -4*v = 5*w - 356. What is the greatest common divisor of 17 and w?
17
Suppose -3*y = -2*y - 4. Let z(d) = d + 1. Let f be z(y). Let m(n) = -n**3 + 12*n**2 - 14*n - 5. Let a be m(10). What is the greatest common divisor of f and a?
5
Let k(x) = -2*x**2 + 2*x - 6. Let a(m) = -m**2 + 3*m - 7. Let h(p) = 3*a(p) - 2*k(p). Let j be h(-7). What is the greatest common factor of 30 and j?
5
Let d(c) = -c**2 - 14*c - 3. Let f(g) = g**2 + 15*g + 3. Let p(x) = 6*d(x) + 5*f(x). Let w be p(-8). Calculate the greatest common divisor of w and 20.
5
Let f(z) = z + 20. Let h be f(0). Let w be (-54)/(-72) - 197/(-4). What is the greatest common divisor of w and h?
10
Let t(l) = -l**2 + 4*l - 4. Let m be t(4). Let g be (24/7)/(m/(-42)). What is the greatest common divisor of g and 4?
4
Suppose 0 = 14*l - 5*l - 162. Let n be -132*2/((-4)/3). What is the highest common divisor of n and l?
18
Suppose -p = 3*p - n - 4, 5 = 5*p + 2*n. Let t(b) = b**2 - b + 1. Let q be t(p). Let w be 3 + 3 + (q - 2). What is the highest common factor of w and 45?
5
Suppose 2*w - 5 = 9. Suppose 4*j + j - 70 = 0. What is the greatest common factor of w and j?
7
Let n be 17 + -2 - (-3)/3. Calculate the greatest common divisor of n and 40.
8
Suppose 0 = -11*u + 13 + 75. Calculate the highest common divisor of 88 and u.
8
Suppose 2*j + j = 12. Suppose 7 = 2*n + m + j*m, -n + 3*m = -31. What is the greatest common factor of 176 and n?
16
Suppose 3*a + 89 = -5*v, 5*v + 2*a - 3*a = -97. Let b = v + 22. Calculate the highest common divisor of 27 and b.
3
Let y = -87 + 99. Calculate the greatest common divisor of y and 132.
12
Let r(i) = -5*i**2 - i + 1. Let g be r(-2). Let w = g + 98. Calculate the highest common divisor of w and 9.
9
Let q be (-1)/((-29)/15 - -2). Let n be (6/(-4))/(q/90). Calculate the greatest common factor of n and 36.
9
Suppose 0*a = -2*a + 2, 9 = 4*s + 5*a. Let u be 8/3*3/2. What is the highest common divisor of u and s?
1
Let u(o) = 2*o**2 - 13*o + 10. Let j be u(10). Calculate the highest common factor of 16 and j.
16
Suppose -5*c + u + 14 = 5, -5*c + 25 = -5*u. Let z be 7 - (0/3 - c). What is the greatest common factor of z and 12?
4
Let k be ((-21)/(-5))/(((-14)/10)/(-7)). What is the highest common divisor of 63 and k?
21
Let w be 123/(1 - 3 - -3). Suppose -p - 78 = 2*p - z, -4*p - 5*z - w = 0. Let f = -18 - p. Calculate the highest common divisor of 81 and f.
9
Suppose 3*k + 2*q = 53, 0 = -2*k + 4*q - 5*q + 37. Calculate the greatest common divisor of 63 and k.
21
Let b(j) = j**3 - 3*j**2 - 3*j - 2. Let m be b(4). Suppose 46 + 30 = m*o. Calculate the greatest common divisor of o and 19.
19
Suppose -104 = -3*h + j, -3*j - 188 = -5*h - 5*j. What is the highest common factor of h and 4?
4
Let x = -37 + 40. What is the highest common divisor of x and 12?
3
Suppose -6 = -5*m - 3*x, 0 = -5*m - x - 3*x + 3. Let s = 5 + 0. Suppose 45 = 4*c + 3*b, -2*c - s*b = -20 + 1. What is the highest common divisor of m and c?
3
Suppose -4*o + 28 = 5*l - 8*o, l - 2*o = 2. Suppose 4*p = 36 - l. Calculate the highest common divisor of p and 28.
7
Let a(x) = -x + 9. Let p be a(5). Suppose p*m - 24 = 4. Let d be 2/9 - (-1130)/18. What is the highest common factor of d and m?
7
Suppose 0 = 5*p - 9 - 1. Suppose d - 79 = -p*v, 0*v - 5*v = -5*d - 235. What is the highest common factor of 28 and v?
14
Let w(p) = 4*p**2 + 12*p + 2. Let r be w(-4). Calculate the highest common factor of r and 